Let n be t(14). Suppose 0 = 2*b - 2*g - 16, n*b - 3*g = -b + 12. List the prime factors of b.
2, 3
Let t = 28 - 25. Let j(z) = -4*z**3 + 2*z**2 - 2*z + 4. Let x(i) = 11*i**3 - 6*i**2 + 5*i - 11. Let d(h) = 8*j(h) + 3*x(h). What are the prime factors of d(t)?
5
Suppose -4*s + 1550 = 6*s. List the prime factors of s.
5, 31
Let c be -2 + 0 - 0/1. Let d be (19/c)/(4/(-8)). Suppose 1 = 5*s - d. What are the prime factors of s?
2
Suppose -385 = -4*j - j. List the prime factors of j.
7, 11
Let s(g) = -2*g. Let a be s(-3). Let h = a - 3. Suppose j = h*j - 22. What are the prime factors of j?
11
Let q = 4 + 14. List the prime factors of q.
2, 3
Suppose 0 = -p, g - 3*p + 3 = -0*p. Let q = 5 + g. Suppose c = 4*n - 57, q*n - 19 = 2*c + 11. List the prime factors of n.
2, 7
Let u = -31 - -19. Let x be 24/14 + u/(-42). What are the prime factors of (x + (-5)/2)*-14?
7
Suppose -3*a + a = 0. Let n = a + -1. List the prime factors of (0 - n)/((-8)/(-96)).
2, 3
What are the prime factors of ((-1)/2)/((-3)/612)?
2, 3, 17
Suppose 5*b + a = 36, 61 - 1 = 5*b - 5*a. Let q = 8 + b. List the prime factors of q.
2
Let v(j) = -j**3 + 11*j**2 - 7. Let q be v(11). Let g = q + 15. What are the prime factors of g?
2
Suppose 5 = -3*m + 4*m. Suppose 95 = m*d - 0*d. List the prime factors of d.
19
What are the prime factors of (-6352)/(-48) + 8/(-6)?
131
Let q be 15/10 + 10/4. List the prime factors of q - (-28 - 16/4).
2, 3
Suppose -4*t + g + 12 = 3*g, 3 = -5*t + 2*g. Let y = t - -3. Suppose -y*m + 10 = m. List the prime factors of m.
2
Let c = -118 - -279. What are the prime factors of c?
7, 23
Let n = -76 + 123. What are the prime factors of n?
47
Suppose v - 4*v = -21. List the prime factors of v.
7
Suppose 2*s + 6 = 5*s. Suppose 0 = 3*r + s*c - 4, -3*r + 3*c - 3 = 3. What are the prime factors of 1 - (-4 - (-2 + r))?
3
Let s(w) = -w + 7. Let j be s(13). Let a(h) = -5*h - 12. Let p(m) = 5*m + 11. Let d(r) = -2*a(r) - 3*p(r). List the prime factors of d(j).
3, 7
Suppose -4*m + 32 = 2*f, 3*m - 2*f - 50 = 3*f. Suppose -2 = p + 2*h, 5*p + m + 12 = 2*h. What are the prime factors of 1 - p - 0 - 2?
3
Suppose -2*s - 280 = -7*s. What are the prime factors of 3*(-9)/((-108)/s)?
2, 7
Let j(x) be the first derivative of x**6/20 - x**5/60 + x**3/6 - 2*x**2 + 4. Let b(y) be the second derivative of j(y). What are the prime factors of b(1)?
2, 3
Let x = -81 - -107. What are the prime factors of x?
2, 13
Let d(j) = 3*j**3 - 3*j + 28. Let w(a) = -5*a**3 + 5*a - 42. Let q(f) = 8*d(f) + 5*w(f). Let z = -23 + 23. What are the prime factors of q(z)?
2, 7
Let g = 1 + -5. Let n be (-6)/24 - 21/g. Suppose -6*r = -n*r - 8. List the prime factors of r.
2
Let p(b) = -b**2 - 9*b + 1. Suppose 0 = -2*n - 6 - 2. List the prime factors of p(n).
3, 7
Let d = 9 + -6. Let k be (20/(4/2))/2. Let u = k - d. List the prime factors of u.
2
Let q(g) = -4*g**3 - 3*g**2 - g + 1. What are the prime factors of q(-3)?
5, 17
Let x(j) = -j**2 - 6*j + 3. Let l be x(-6). Suppose 132 = l*q + 39. What are the prime factors of q?
31
Let h(r) = -r**2 + 10*r - 14. List the prime factors of h(6).
2, 5
Suppose -2*m - 6*b = -b - 71, -22 = -m + 2*b. What are the prime factors of m?
2, 7
Suppose 2*z + 15 = i - 0, -30 = 2*z + 4*i. Let k be -1 + z/(-3) + -45. What are the prime factors of 2/9 + k/(-9)?
5
Suppose -3*b = 2*b - 455. List the prime factors of b.
7, 13
Let g = -1 - -1. Suppose -2*h + g*h = -12. What are the prime factors of 111/9 + (-2)/h?
2, 3
Let c = -157 + 304. What are the prime factors of c?
3, 7
Suppose -4*u = -16, -4*h - 5*u + 312 - 20 = 0. List the prime factors of h.
2, 17
Suppose 2*n = -5*u + 539, 4*n = 4*u - 0*n - 448. What are the prime factors of u?
109
Let c(j) = -j**3 + 17*j**2 + 4*j + 37. List the prime factors of c(16).
3, 7, 17
Let a be 2/(-4)*(-47 + -3). What are the prime factors of ((-10)/a)/(2/(-40))?
2
Let s(n) = -n**2 - 6*n + 2. Suppose 2*b + 0 = -6. List the prime factors of s(b).
11
Let z be (-397)/(-7) + 14/49. Let n = -33 + z. What are the prime factors of n?
2, 3
Suppose 10 = 6*z - 20. Suppose -5*v - 60 = -z*t, v = 2*t + 2*v - 24. What are the prime factors of t?
2, 3
Suppose -4*o = -0*o + 4*t, 0 = o - 3*t - 16. Let x = -1 + 1. Suppose x = -m - m + o. List the prime factors of m.
2
Suppose 0 = t - 2*x - 54, -6*x = t - x - 61. List the prime factors of t.
2, 7
Let l(j) = 8*j - 14. Let b be l(10). Let c = b + -30. Let w = c + -25. What are the prime factors of w?
11
Let f(p) = p + 42. What are the prime factors of f(-13)?
29
Suppose -j - 54 = -a, -5*j + 2*j + 174 = 3*a. What are the prime factors of a?
2, 7
Let j(p) = -7*p**3. Suppose -2*c + 2*r = -0*c - 6, -5*c - r + 15 = 0. Suppose t + c = -2*t. List the prime factors of j(t).
7
Suppose 9 = y + 2*y. Suppose -y*f + 40 = -11. What are the prime factors of f?
17
Let i be 108/(-24)*(-16)/3. Suppose 2*x = -x + i. List the prime factors of x.
2
Let r = 57 + -29. What are the prime factors of r?
2, 7
Let g(d) = 18*d - 11. What are the prime factors of g(7)?
5, 23
Let o(g) = -g**3 - g**2. List the prime factors of o(-5).
2, 5
Let j(d) = -d + 38. What are the prime factors of j(-8)?
2, 23
Let h(l) = -3*l - 16. Let b(m) = 2*m + 15. Let r(g) = 7*b(g) + 6*h(g). List the prime factors of r(-9).
3, 5
Suppose -4*p - p + 4*x + 948 = 0, 3*p + 5*x - 554 = 0. List the prime factors of p.
2, 47
List the prime factors of -2*(4/(-2) + 2727/(-18)).
307
Let x be (-3 + (2 - 1))*2. Let a be (-1)/2 + (-34)/x. Let l = a + 2. List the prime factors of l.
2, 5
Suppose 6*w - 3*w = 18. Let a = w - 5. List the prime factors of ((-10 - 2)*a)/(-1).
2, 3
Let h be ((-6)/4)/(15/(-40)). Suppose m - 5*w - 30 = 0, -m + 0*m - 6 = h*w. List the prime factors of m.
2, 5
Suppose -4*y = 2*c + 8, -5*y + 0*y - 5 = 5*c. Let m be -2 + 0/(-3) + c. Suppose w - 3*w + 26 = m. List the prime factors of w.
13
What are the prime factors of (-1)/((-4)/12)*3?
3
Let r be 48/14 + (-4)/(-7). Suppose -3*h - r*q + 87 = -3*q, h - 16 = 4*q. List the prime factors of h.
2, 7
Suppose 4*m = -8, -2*n + 22 = 2*n - m. What are the prime factors of n?
5
Let a = 35 - -55. What are the prime factors of a?
2, 3, 5
Let k(f) = f**3 - 3*f**2 - 2*f - 2. Let b be k(5). Suppose 0 = 5*a - 2*y - 80, 0 = 3*a - 2*y - 90 + b. What are the prime factors of a?
2, 7
Let a(i) = -2*i**2 - 1. Let l be a(-1). Let u be (-1)/(l/(-318)) - 2. List the prime factors of ((-4)/(-6))/((-8)/u).
3
Suppose m - 23 = 94. Suppose z = 4*z - m. What are the prime factors of z?
3, 13
Let x(n) = 2*n - 6. Let t be x(4). Let o(u) = -2*u**2 + 4. Let s be o(0). List the prime factors of (s/(-6))/(t/(-21)).
7
Let p(a) = 2*a - 5. Let r be p(4). Suppose -2*l - 1 = r. Let n = 7 + l. List the prime factors of n.
5
Let c(f) = -6*f. Let o be c(8). Let n be o/2*(-18)/8. Suppose 2*a = 2*z - 0 + 36, 2*z - n = -4*a. What are the prime factors of a?
3, 5
List the prime factors of -1*3/6*(-2 - 132).
67
Let y(f) = 11*f - 23. What are the prime factors of y(9)?
2, 19
Suppose 4*l - 101 = 51. What are the prime factors of l?
2, 19
Let y = -114 - -196. Let i = 46 - y. List the prime factors of (-116)/i + 2/(-9).
3
Let a be (-3)/2*6/1. Let t = -5 - a. Suppose -10 = -t*q + 34. List the prime factors of q.
11
Suppose 3*z + 84 = -z. What are the prime factors of 2/(-3) + (-287)/z?
13
Suppose -4*p + 4*l = l - 7, -2*l = -4*p + 2. What are the prime factors of (-352)/(-12) - p/(-6)?
29
Let g = -11 + 8. Let l be (2/(-1))/(g - -2). Suppose -2*a + 8 = 2*n + 2, 3*a = l*n - 11. What are the prime factors of n?
2
Let g(b) = -b**2 - 20*b + 9. List the prime factors of g(-13).
2, 5
Let x = 2 + 205. What are the prime factors of x?
3, 23
Let n = 9 + 3. Suppose -a + 2*a = n. What are the prime factors of a?
2, 3
Suppose 0 = y - 0*y. Let g be (-2)/(-9) - 374/(-18). Suppose y = -2*m + g + 7. What are the prime factors of m?
2, 7
Suppose -97 - 211 = -4*s. List the prime factors of s.
7, 11
Let x(u) = -u**2 - 2*u + 85. List the prime factors of x(0).
5, 17
List the prime factors of (-8)/(-12) + 1010/15.
2, 17
Suppose -4*p - 117 = 2*w - 7*w, -3*w - 5*p = -48. List the prime factors of w.
3, 7
Let p = 320 - 178. List the prime factors of p.
2, 71
Let z = 99 - 99. Let p(l) = 4*l**2 + l. Let n be p(-1). Suppose -d = -z*d - n. List the prime factors of d.
3
Let z = 5 - 3. Let y(s) = -s**3 + 2*